e remainder when 3282 is divided by 45?
42
Calculate the remainder when 5693 is divided by 13.
12
What is the remainder when 489 is divided by 85?
64
Calculate the remainder when 335 is divided by 24.
23
Calculate the remainder when 1021 is divided by 93.
91
What is the remainder when 1352 is divided by 22?
10
What is the remainder when 378 is divided by 124?
6
What is the remainder when 1090 is divided by 42?
40
Calculate the remainder when 329 is divided by 66.
65
Calculate the remainder when 2554 is divided by 73.
72
What is the remainder when 2135 is divided by 268?
259
What is the remainder when 3891 is divided by 187?
151
What is the remainder when 163 is divided by 22?
9
What is the remainder when 226 is divided by 10?
6
What is the remainder when 586 is divided by 189?
19
Calculate the remainder when 456 is divided by 223.
10
Calculate the remainder when 74 is divided by 21.
11
Calculate the remainder when 220 is divided by 89.
42
Calculate the remainder when 3032 is divided by 44.
40
What is the remainder when 1016 is divided by 317?
65
Calculate the remainder when 675 is divided by 639.
36
Calculate the remainder when 349 is divided by 222.
127
Calculate the remainder when 109 is divided by 15.
4
What is the remainder when 124 is divided by 85?
39
Calculate the remainder when 183 is divided by 11.
7
What is the remainder when 197 is divided by 18?
17
What is the remainder when 533 is divided by 3?
2
What is the remainder when 1060 is divided by 57?
34
What is the remainder when 191 is divided by 186?
5
Calculate the remainder when 58071 is divided by 101.
97
Calculate the remainder when 165 is divided by 24.
21
Calculate the remainder when 130 is divided by 33.
31
Calculate the remainder when 216 is divided by 55.
51
What is the remainder when 173 is divided by 22?
19
Calculate the remainder when 191 is divided by 8.
7
Calculate the remainder when 756 is divided by 23.
20
What is the remainder when 46 is divided by 15?
1
What is the remainder when 6855 is divided by 70?
65
What is the remainder when 765 is divided by 380?
5
What is the remainder when 159 is divided by 46?
21
What is the remainder when 16049 is divided by 150?
149
Calculate the remainder when 263 is divided by 62.
15
What is the remainder when 650 is divided by 4?
2
What is the remainder when 3214 is divided by 12?
10
Calculate the remainder when 216 is divided by 207.
9
What is the remainder when 292 is divided by 27?
22
What is the remainder when 69 is divided by 3?
0
Calculate the remainder when 155 is divided by 6.
5
Calculate the remainder when 532 is divided by 28.
0
Calculate the remainder when 97 is divided by 50.
47
Calculate the remainder when 307 is divided by 31.
28
Calculate the remainder when 354 is divided by 30.
24
What is the remainder when 1286 is divided by 33?
32
Calculate the remainder when 185 is divided by 24.
17
What is the remainder when 257 is divided by 2?
1
Calculate the remainder when 2295 is divided by 46.
41
What is the remainder when 181 is divided by 59?
4
Calculate the remainder when 232 is divided by 26.
24
Calculate the remainder when 164 is divided by 33.
32
Calculate the remainder when 348 is divided by 25.
23
Calculate the remainder when 291 is divided by 50.
41
What is the remainder when 359 is divided by 26?
21
What is the remainder when 2332 is divided by 293?
281
What is the remainder when 485 is divided by 35?
30
What is the remainder when 95 is divided by 3?
2
Calculate the remainder when 424 is divided by 239.
185
What is the remainder when 44 is divided by 12?
8
Calculate the remainder when 188 is divided by 10.
8
Calculate the remainder when 1809 is divided by 1806.
3
Calculate the remainder when 163 is divided by 45.
28
Calculate the remainder when 1347 is divided by 71.
69
What is the remainder when 69 is divided by 26?
17
What is the remainder when 2111 is divided by 37?
2
What is the remainder when 326 is divided by 47?
44
Calculate the remainder when 605 is divided by 155.
140
What is the remainder when 1072 is divided by 76?
8
What is the remainder when 3178 is divided by 1579?
20
Calculate the remainder when 46 is divided by 24.
22
What is the remainder when 70 is divided by 29?
12
Calculate the remainder when 9446 is divided by 141.
140
What is the remainder when 119 is divided by 34?
17
Calculate the remainder when 195 is divided by 18.
15
Calculate the remainder when 1576 is divided by 16.
8
Calculate the remainder when 286 is divided by 2.
0
Calculate the remainder when 3816 is divided by 11.
10
What is the remainder when 149 is divided by 11?
6
What is the remainder when 1272 is divided by 460?
352
Calculate the remainder when 879 is divided by 31.
11
Calculate the remainder when 547 is divided by 139.
130
Calculate the remainder when 207 is divided by 39.
12
Calculate the remainder when 1795 is divided by 60.
55
What is the remainder when 1716 is divided by 59?
5
What is the remainder when 757 is divided by 16?
5
What is the remainder when 159 is divided by 44?
27
What is the remainder when 2927 is divided by 183?
182
Calculate the remainder when 111 is divided by 71.
40
What is the remainder when 1393 is divided by 31?
29
Calculate the remainder when 9201 is divided by 34.
21
What is the remainder when 1148 is divided by 375?
23
Calculate the remainder when 36 is divided by 1.
0
Calculate the remainder when 4044 is divided by 57.
54
Calculate the remainder when 146 is divided by 25.
21
Calculate the remainder when 4618 is divided by 28.
26
What is the remainder when 587 is divided by 132?
59
What is the remainder when 156 is divided by 82?
74
Calculate the remainder when 527 is divided by 69.
44
What is the remainder when 2386 is divided by 126?
118
Calculate the remainder when 502 is divided by 63.
61
What is the remainder when 732 is divided by 23?
19
Calculate the remainder when 11243 is divided by 74.
69
What is the remainder when 389 is divided by 28?
25
What is the remainder when 419 is divided by 14?
13
What is the remainder when 16605 is divided by 173?
170
What is the remainder when 2804 is divided by 51?
50
Calculate the remainder when 600 is divided by 194.
18
Calculate the remainder when 190 is divided by 48.
46
Calculate the remainder when 149 is divided by 19.
16
Calculate the remainder when 429 is divided by 8.
5
What is the remainder when 2589 is divided by 54?
51
What is the remainder when 1738 is divided by 184?
82
What is the remainder when 682 is divided by 38?
36
Calculate the remainder when 105 is divided by 57.
48
Calculate the remainder when 287 is divided by 106.
75
What is the remainder when 855 is divided by 137?
33
Calculate the remainder when 14501 is divided by 74.
71
What is the remainder when 40 is divided by 7?
5
What is the remainder when 25 is divided by 24?
1
What is the remainder when 1006 is divided by 8?
6
Calculate the remainder when 1557 is divided by 41.
40
What is the remainder when 129 is divided by 26?
25
Calculate the remainder when 221 is divided by 28.
25
What is the remainder when 201 is divided by 69?
63
What is the remainder when 114 is divided by 52?
10
What is the remainder when 8328 is divided by 13?
8
Calculate the remainder when 114 is divided by 36.
6
Calculate the remainder when 75 is divided by 39.
36
Calculate the remainder when 722 is divided by 58.
26
Calculate the remainder when 26823 is divided by 7.
6
What is the remainder when 130 is divided by 19?
16
Calculate the remainder when 48 is divided by 10.
8
Calculate the remainder when 63 is divided by 8.
7
Calculate the remainder when 603 is divided by 16.
11
What is the remainder when 8583 is divided by 85?
83
What is the remainder when 85 is divided by 4?
1
Calculate the remainder when 720 is divided by 241.
238
Calculate the remainder when 259 is divided by 132.
127
What is the remainder when 938 is divided by 88?
58
What is the remainder when 429 is divided by 138?
15
What is the remainder when 114 is divided by 13?
10
What is the remainder when 553 is divided by 104?
33
Calculate the remainder when 490 is divided by 98.
0
Calculate the remainder when 1673 is divided by 18.
17
Calculate the remainder when 5068 is divided by 65.
63
Calculate the remainder when 503 is divided by 28.
27
Wha